 m - 5 = -w*i + 19. What is the tens digit of m?
2
What is the tens digit of (-104)/78*858/(-4)?
8
Let g be 4/(-10) + 17/5. Suppose g*b - 81 - 6 = 0. What is the units digit of b?
9
Let j = 163 + -10. What is the hundreds digit of j?
1
What is the tens digit of ((-5)/(-10))/((-1)/(-178))?
8
What is the units digit of (-2)/8 - (178/(-8) - 1)?
3
Suppose 0 = 2*z - 6 - 4. Suppose z*m - 12 = c, -2*c = m + m - 12. What is the units digit of m?
3
Let r(o) = 4*o - o + 3*o - 5*o. What is the units digit of r(3)?
3
Let f be -1 + (1 - -3) - 1. Suppose 4*k - 2 = -5*v, 4*v - 2 = -4*k + f. What is the units digit of k?
3
Let p = -88 - -97. What is the units digit of p?
9
Let g = 12 - 18. Let a(u) be the second derivative of -u**3/6 - u**2 - u. What is the units digit of a(g)?
4
Let h(z) = -5*z**3 + 10*z**2 - 8*z. Let x(p) = -6*p**3 + 11*p**2 - 8*p + 1. Let d(k) = -7*h(k) + 6*x(k). What is the tens digit of d(-6)?
3
Let s(f) = -1 - f + 0 + 2 + 2*f. Let v be s(1). Suppose -v*z = 4 - 12. What is the units digit of z?
4
Suppose -4*p + 726 = -3*f + 33, 0 = -2*f + 2. What is the units digit of p?
4
Let p(a) = a**3 + 4*a**2 - 2*a - 3. Let r = 5 + -9. Let c be p(r). Suppose 4*v + 5*x - 26 = 0, 0*v - v - 6 = -c*x. What is the units digit of v?
4
Suppose -n + 12 = 3*u, 2*n - 12 = -2*n - 3*u. Suppose -2*z = -5*l + 35, -4*l - 5*z + 68 - 7 = n. What is the units digit of l?
9
Let s = -38 + 21. Let h = s - -37. What is the units digit of (-4)/10 - (-148)/h?
7
Let n(d) = -7*d + 2. Let f = -20 - -17. What is the tens digit of n(f)?
2
Suppose -a + 7 = -5*s, 8*a + s - 35 = 3*a. Suppose -2*c = -a*c + 230. What is the tens digit of c?
4
Suppose 0 = 2*l - 0*u - 2*u + 2, -3*l + 18 = 4*u. Let o be (-4)/(-3)*(-3)/l. What is the tens digit of 13 - (o + 2 + -1)?
1
Suppose -4*z - c = -13, 15 - 36 = 2*z - 5*c. Suppose 3*l - z*l + 1 = 0. What is the units digit of l + (-15)/(-3) - -1?
5
Let a = -21 - -12. Let r(x) be the third derivative of x**5/60 + 7*x**4/24 - 5*x**3/3 + x**2. What is the units digit of r(a)?
8
Suppose 0 = 5*o - 2*s - 353 + 31, -5*o - 3*s + 317 = 0. What is the units digit of o?
4
Suppose 3*z - 5*z - 2*c = 10, 5*z + 3*c = -15. Suppose z*w - 4*w + 20 = 0. What is the units digit of w?
5
Let f(c) = c**3 - 2*c**2 - c + 2. What is the units digit of f(4)?
0
Suppose 2*j = -3*j - 2*x + 5, 0 = 4*x. Suppose j = 3*i - 8. What is the units digit of 3*(1 - (-2)/i)?
5
Let v = 281 + -184. What is the tens digit of v?
9
Let i(m) = m**3 - 2*m**2 - 4*m - 3. What is the tens digit of i(4)?
1
Let w = -23 - -26. Suppose -m + w*m - 8 = 0. What is the units digit of m?
4
Suppose -1055 + 185 = -3*v + 4*m, 2*m + 582 = 2*v. What is the tens digit of v?
9
Let b = -13 + 19. Suppose 3*x - b - 48 = 0. What is the units digit of x?
8
Suppose -2*y - g - 4 = -78, -4*g - 16 = 0. What is the units digit of y?
9
Suppose -4*b = 2*b - 306. What is the units digit of b?
1
Let o = -3 - 2. What is the units digit of 108/10 + o/(-25)?
1
Suppose -f + 60 = -46. What is the hundreds digit of f?
1
Let x(r) = r**2 + 4*r + 4. Let l be x(-6). Let w = l - 11. What is the units digit of w?
5
Suppose -4*p = 4*d - 116, 0*d - 14 = -p + 2*d. Suppose -4*x = 128 + p. What is the units digit of 2/7 - x/14?
3
Suppose 31 = 2*m - 31. What is the units digit of m?
1
Let h(u) = -u**3 - u**2 - 3*u - 1. Let l(m) be the second derivative of m**3/6 - 5*m**2/2 + 2*m. Let i be l(3). What is the units digit of h(i)?
9
Suppose 0 = -4*t + 2*t. Let s be (6/5)/(9/30). Suppose 0 = -t*m - m + s. What is the units digit of m?
4
Let r(a) = -a + 1. Let v be r(-6). Suppose 4*n - 4*u - 92 = 0, 5*u - v = -2*n + 67. What is the tens digit of n?
2
Suppose u = -3*o + 5, -4*o - 4*u + 6 + 6 = 0. What is the units digit of 44/(o - (-1 - 0))?
2
Let s(y) = -5*y**2 - y + 0*y**3 + y - 4*y - y**3 - 5. Let j be (-1)/(11/5 - 2). What is the units digit of s(j)?
5
Let h(v) = 2*v**2 - 7*v + 9. Let p(r) = r**2 - 4*r + 4. Let z(c) = 6*h(c) - 13*p(c). What is the units digit of z(9)?
1
Suppose 10 = h - 38. What is the tens digit of h?
4
Let j = 1 + -1. Let i be ((-21)/(-6) + -3)*8. Suppose -8*w + i*w + 16 = j. What is the units digit of w?
4
Let r = -14 + 0. Let a = -6 - r. What is the units digit of a?
8
What is the units digit of 201 - ((-64)/40)/(2/5)?
5
Let t(u) be the second derivative of u**3/6 + 65*u**2/2 - 3*u. Let m be t(0). Suppose -j = 5*h + 2*j - m, 0 = 2*j - 10. What is the tens digit of h?
1
Let m(j) = -j**3 + 7*j**2 - 2*j - 6. Let i be m(6). What is the units digit of (-16)/(-6) + 6/i?
3
Suppose -2*x = 4*c - 6, 4*x + 2*c + 1 = 7. Let t(s) = 24*s**3 + s**2 - s. What is the units digit of t(x)?
4
Let m(w) be the first derivative of w**3/3 - 7*w**2/2 + 6*w + 1. Let l be m(6). Suppose l = -4*v + v - 2*i + 16, 4 = 2*i. What is the units digit of v?
4
Let c = 0 + 2. Suppose 0 = 6*z - c*z - 20. What is the units digit of z?
5
Let h(r) = 4*r + 7. Let w(o) = 7*o + 14. Let q(a) = 5*h(a) - 3*w(a). Let f(n) = -n - 6. Let x(k) = -6*f(k) + 5*q(k). What is the units digit of x(3)?
4
Suppose -v - 125 = -6*v. What is the tens digit of v?
2
Suppose 3*x + x - 76 = -2*l, -2*x + 230 = 5*l. What is the tens digit of l?
4
Let t(d) = 57*d**3 - d**2. Let q be t(1). Suppose 3*m + 5*w - 74 = -26, 4*w = -4*m + q. Suppose 5*o = m + 39. What is the units digit of o?
0
Let m(c) = -45*c + 30. What is the tens digit of m(-4)?
1
Suppose 2*r = -0*r + 144. What is the units digit of r?
2
Let w(t) = t**3 + 11*t**2 + 9*t - 6. Let b be w(-10). Suppose 2*x + l = 40, -16 = b*x - 6*x + 5*l. What is the units digit of x?
8
Let r(m) = -2*m**2 + m - 5. Let u(q) = -5*q**2 + 2*q - 10. Let x(b) = 7*r(b) - 3*u(b). Let o be x(-4). Suppose 3*s + o = 40. What is the units digit of s?
1
What is the tens digit of (-119074)/(-377) - (8/26)/(-2)?
1
Let t(l) = l**2 + 2*l - 4. What is the tens digit of t(7)?
5
Let l be 2*-2 + 2/(-2). Suppose -s = 2*s + 24. Let z = l - s. What is the units digit of z?
3
Let d = 63 - 17. What is the units digit of d?
6
Let j be 2/((-4)/(-2 + 4)). What is the units digit of 10 + j/(-1) + -2?
9
Suppose 5*v - 31 = 4*c, -v - c - 9 = 2*c. Suppose -2*b = 2*m, m + 4 + 0 = v*b. Let z = 5 - b. What is the units digit of z?
4
Suppose -4*h - 4*a = -472, -3*h + a = -2*h - 112. What is the units digit of h?
5
Let w(k) = k**3 - 10*k**2 + k + 2. What is the tens digit of w(10)?
1
Suppose -5*n - 9 = -3*k, -4*k - n + 3 + 9 = 0. Suppose 2*l + 10 = 5*o, -l - 1 - 5 = -k*o. What is the units digit of o?
2
Suppose -4*r + 8*r - 56 = 0. What is the tens digit of r?
1
What is the units digit of (-2 - (-1 - 4))*1?
3
Let o = 13 - 8. What is the units digit of 702/30 - 2/o?
3
Let u be 0 - 1 - 15/(-3). Suppose f + 11 = l, -u*f - 20 = -l + 6. What is the units digit of l?
6
Suppose 5*g - 5*r = 55, -4*r = 5*g - 2*r - 62. What is the units digit of (-1)/(-3) - (-116)/g?
0
Suppose 1 = 2*n - 11. What is the units digit of n?
6
Let q(r) = 26*r**2 - 4*r + 1. What is the tens digit of q(2)?
9
Suppose 3*z + 281 = 2*i, -223 = -2*i - 4*z + 93. What is the hundreds digit of i?
1
Suppose -m + 3 = -5. Let c(p) = p**2 - 7*p - 3. What is the units digit of c(m)?
5
Let m be (1 - -19) + 2 + 0. Let c = -10 + m. What is the units digit of c?
2
Let h(o) = 3*o. Let c be h(4). Let a = c + -3. Let s(n) = n**2 - 9*n + 4. What is the units digit of s(a)?
4
Let p be (1 - 1)/4 + 2. Suppose 18 - 68 = -p*a. What is the units digit of a?
5
Let o = -460 - -666. What is the hundreds digit of o?
2
Let r = -5 + 3. Let x be 2 - (r + 3/1). Suppose -l = -3 - x. What is the units digit of l?
4
Let j be 6/8 + (-161)/(-4). Suppose 3*a = -4*b + j, -4*a + 0*b + 3 = -5*b. What is the units digit of a?
7
Suppose 4*r - 4 = 0, 0 = 5*g - r - 2*r - 27. What is the units digit of 8/6 - g/(-9)?
2
Let k be ((-6)/9)/((-4)/24). What is the units digit of 12 + -1 + (-8)/k?
9
Suppose -5*j - 4*n + 9 = 0, -5*j + 16 = -j + n. Suppose 0 = q - 9 - j. What is the tens digit of q?
1
Let a(v) = v**2. Let b = -9 + 12. What is the units digit of a(b)?
9
Let s(p) = p**3 + 7*p**2 + 6*p + 3. Let l be s(-6). Let g = 6 - l. Suppose -g*j + 17 = -13. What is the units digit of j?
0
Let n = -35 + 74. What is the tens digit of n?
3
Suppose 3*l - 63 = 471. Suppose 5*v + 38 = l. What is the units digit of v?
8
Suppose -2*t + 0*u - 10 = -2*u, 2*t - 5*u = -25. Let v be (t - 